{"id":121,"date":"2016-04-19T11:33:36","date_gmt":"2016-04-19T09:33:36","guid":{"rendered":"http:\/\/www.rie-wada.de\/?page_id=121"},"modified":"2016-04-28T15:04:54","modified_gmt":"2016-04-28T13:04:54","slug":"kunden","status":"publish","type":"page","link":"https:\/\/www.riewada.de\/wordpress\/veroeffentlichungen\/kunden\/","title":{"rendered":"Kunden"},"content":{"rendered":"<h2>Museen und Vereine<\/h2>\n<p>Kunstverein Museum Schloss Morsbroich, Leverkusen \/ Museum Bochum \/ Kultur Ruhr GmbH, Ruhrtriennale \/ Folkwang Museum Essen \/ Glasmuseum Hentrich Kunst Palast, D\u00fcsseldorf \/ Japanischer Club D\u00fcsseldorf e.V.\/\u00a0EKO-Haus der Japanischen Kultur e.V. \/ Kulturforum Alte Post Neuss<\/p>\n<h2>Agenturen und Kunden<\/h2>\n<p>Agentur Profus, D\u00fcsseldorf \/ La Gala-Internationale Kulturprojekte, K\u00f6ln \/ Kunstagentur Karin Kaiser, D\u00fcsseldorf \/ Werbeagentur Grosselfinger, Duisburg \/ Spor&#8217;s B\u00fcro f\u00fcr Kommunikation GmbH, K\u00f6ln \/ Expopartner GmbH, Fl\u00f6rsheim \/ Nspm ag., Schweiz \/ Studio D, K\u00f6ln \/ Well Done Group, Hannover \/ Cultour Eventmanegement GmbH, D\u00fcsseldorf \/ \u00a0\u00a0\u00a0Team 4 Promotion, Koblenz \/ 15\/08 entertaiment, K\u00f6ln \/ Karkalis PR, D\u00fcsseldorf \/ Selinka- Schmitz Kommunikation GmbH \/ Vista Event, K\u00f6ln<\/p>\n<p>Shiseido Deutschland \/ Mitsubishi Elektrik GmbH \/ Amada GmbH \/ Sevens, D\u00fcsseldorf \/ Boston Scientific \/ Autohaus Nissan, Limburg \/ Stadtsparkasse D\u00fcsseldorf \/ Roche-Chugai, Schweiz \/ Eisai Deutschland \/ Uwe Engineering Plastics\u00a0<span id=\"OBJ_PREFIX_DWT71_com_zimbra_date\" class=\"Object\"><span id=\"OBJ_PREFIX_DWT76_com_zimbra_date\" class=\"Object\">SA<\/span><\/span>\u00a0\/ Dia Sys Diagnostic Systems GmbH \/ FujitsuEurope \/ Mazda Europe \/ Porta M\u00f6bel, K\u00f6ln \/ Autohaus Sch\u00e4fer GmbH, Monheim \/ Autohaus Renzing GmbH, Hamburg \/ Kyocera Deutschland \/ Commerzbank, D\u00fcsseldorf \/ Heraeus Kulzer GmbH \/ Asics Deutschland GmbH, Neuss \/ M\u00f6belhaus Musterring, Rheda-Wiedenbr\u00fcck \/ Bayer AG Leverkusen \/ Tomy Hilfiger \/ Sneakers Magazine \/ Toyota \/ Sportschule Alex, D\u00fcsseldorf \/ Yawara Lippstadt<\/p>\n","protected":false},"excerpt":{"rendered":"<p>Museen und Vereine Kunstverein Museum Schloss Morsbroich, Leverkusen \/ Museum Bochum \/ Kultur Ruhr GmbH, Ruhrtriennale \/ Folkwang Museum Essen \/ Glasmuseum Hentrich Kunst Palast, D\u00fcsseldorf \/ Japanischer Club D\u00fcsseldorf e.V.\/\u00a0EKO-Haus der Japanischen Kultur e.V. \/ Kulturforum Alte Post Neuss Agenturen und Kunden Agentur Profus, D\u00fcsseldorf \/ La Gala-Internationale Kulturprojekte, K\u00f6ln \/ Kunstagentur Karin Kaiser,&#8230;<\/p>\n","protected":false},"author":1,"featured_media":0,"parent":96,"menu_order":56,"comment_status":"closed","ping_status":"closed","template":"","meta":{"footnotes":""},"class_list":["post-121","page","type-page","status-publish","hentry"],"_links":{"self":[{"href":"https:\/\/www.riewada.de\/wordpress\/wp-json\/wp\/v2\/pages\/121","targetHints":{"allow":["GET"]}}],"collection":[{"href":"https:\/\/www.riewada.de\/wordpress\/wp-json\/wp\/v2\/pages"}],"about":[{"href":"https:\/\/www.riewada.de\/wordpress\/wp-json\/wp\/v2\/types\/page"}],"author":[{"embeddable":true,"href":"https:\/\/www.riewada.de\/wordpress\/wp-json\/wp\/v2\/users\/1"}],"replies":[{"embeddable":true,"href":"https:\/\/www.riewada.de\/wordpress\/wp-json\/wp\/v2\/comments?post=121"}],"version-history":[{"count":7,"href":"https:\/\/www.riewada.de\/wordpress\/wp-json\/wp\/v2\/pages\/121\/revisions"}],"predecessor-version":[{"id":233,"href":"https:\/\/www.riewada.de\/wordpress\/wp-json\/wp\/v2\/pages\/121\/revisions\/233"}],"up":[{"embeddable":true,"href":"https:\/\/www.riewada.de\/wordpress\/wp-json\/wp\/v2\/pages\/96"}],"wp:attachment":[{"href":"https:\/\/www.riewada.de\/wordpress\/wp-json\/wp\/v2\/media?parent=121"}],"curies":[{"name":"wp","href":"https:\/\/api.w.org\/{rel}","templated":true}]}}